{"id":94,"date":"2021-12-05T14:55:42","date_gmt":"2021-12-05T13:55:42","guid":{"rendered":"https:\/\/www.cestaazivot.sk\/?page_id=94"},"modified":"2024-01-31T15:52:34","modified_gmt":"2024-01-31T14:52:34","slug":"projekty","status":"publish","type":"page","link":"https:\/\/www.cestaazivot.sk\/?page_id=94","title":{"rendered":"Projekty"},"content":{"rendered":"\n<p>2023 &#8211; Na ceste s n\u00e1dejou v srdci<\/p>\n\n\n\n<div class=\"wp-block-file\"><a href=\"https:\/\/www.cestaazivot.sk\/wp-content\/uploads\/2023\/01\/Rehabilitacia_a_sluzby_starostlivosti_o_dusevne_zdravie_integrovane_do_mesta-1.pdf\">2022 &#8211; Umen\u00edm za du\u0161evn\u00e9 zdravie<\/a><\/div>\n\n\n\n<p class=\"has-text-align-left\">2022 &#8211; Cestou-necestou 2<\/p>\n\n\n\n<p>2021 \u2013 Cestou \u2013 necestou<\/p>\n\n\n\n<p>2020 \u2013 S n\u00e1dejou v srdci 2<\/p>\n\n\n\n<p>2019 \u2013 S n\u00e1dejou v srdci<\/p>\n\n\n\n<p>2018 \u2013 Nie si s\u00e1m<\/p>\n\n\n\n<p>2017 \u2013 Kr\u00e1\u010dame \u010falej<\/p>\n\n\n\n<p>2016 \u2013 Pomoc osamel\u00fdm<\/p>\n\n\n\n<p>2015 \u2013 Pomoc osamel\u00fdm<\/p>\n\n\n\n<p>2014 \u2013 Bl\u00e1zon od ved\u013ea \u2013 pr\u00edprava<\/p>\n","protected":false},"excerpt":{"rendered":"<p>2023 &#8211; Na ceste s n\u00e1dejou v srdci 2022 &#8211; Cestou-necestou 2 2021 \u2013 Cestou \u2013 necestou 2020 \u2013 S n\u00e1dejou v srdci 2 2019 \u2013 S n\u00e1dejou v srdci 2018 \u2013 Nie si s\u00e1m 2017 \u2013 Kr\u00e1\u010dame \u010falej 2016 \u2013 Pomoc osamel\u00fdm 2015 \u2013 Pomoc osamel\u00fdm 2014 \u2013 Bl\u00e1zon od ved\u013ea \u2013 pr\u00edprava<\/p>\n","protected":false},"author":1,"featured_media":0,"parent":0,"menu_order":0,"comment_status":"closed","ping_status":"closed","template":"","meta":{"_mi_skip_tracking":false,"site-sidebar-layout":"default","site-content-layout":"default","ast-global-header-display":"","ast-main-header-display":"","ast-hfb-above-header-display":"","ast-hfb-below-header-display":"","ast-hfb-mobile-header-display":"","site-post-title":"","ast-breadcrumbs-content":"","ast-featured-img":"","footer-sml-layout":"","theme-transparent-header-meta":"","adv-header-id-meta":"","stick-header-meta":"","header-above-stick-meta":"","header-main-stick-meta":"","header-below-stick-meta":""},"yoast_head":"<!-- This site is optimized with the Yoast SEO plugin v17.7.1 - https:\/\/yoast.com\/wordpress\/plugins\/seo\/ -->\n<title>Projekty - Cesta a \u017eivot<\/title>\n<meta name=\"robots\" content=\"index, follow, max-snippet:-1, max-image-preview:large, max-video-preview:-1\" \/>\n<link rel=\"canonical\" href=\"https:\/\/www.cestaazivot.sk\/?page_id=94\" \/>\n<meta property=\"og:locale\" content=\"sk_SK\" \/>\n<meta property=\"og:type\" content=\"article\" \/>\n<meta property=\"og:title\" content=\"Projekty - Cesta a \u017eivot\" \/>\n<meta property=\"og:description\" content=\"2023 &#8211; Na ceste s n\u00e1dejou v srdci 2022 &#8211; Cestou-necestou 2 2021 \u2013 Cestou \u2013 necestou 2020 \u2013 S n\u00e1dejou v srdci 2 2019 \u2013 S n\u00e1dejou v srdci 2018 \u2013 Nie si s\u00e1m 2017 \u2013 Kr\u00e1\u010dame \u010falej 2016 \u2013 Pomoc osamel\u00fdm 2015 \u2013 Pomoc osamel\u00fdm 2014 \u2013 Bl\u00e1zon od ved\u013ea \u2013 pr\u00edprava\" \/>\n<meta property=\"og:url\" content=\"https:\/\/www.cestaazivot.sk\/?page_id=94\" \/>\n<meta property=\"og:site_name\" content=\"Cesta a \u017eivot\" \/>\n<meta property=\"article:modified_time\" content=\"2024-01-31T14:52:34+00:00\" \/>\n<meta name=\"twitter:card\" content=\"summary_large_image\" \/>\n<meta name=\"twitter:label1\" content=\"Predpokladan\u00fd \u010das \u010d\u00edtania\" \/>\n\t<meta name=\"twitter:data1\" content=\"1 min\u00fata\" \/>\n<script type=\"application\/ld+json\" class=\"yoast-schema-graph\">{\"@context\":\"https:\/\/schema.org\",\"@graph\":[{\"@type\":\"WebSite\",\"@id\":\"https:\/\/www.cestaazivot.sk\/#website\",\"url\":\"https:\/\/www.cestaazivot.sk\/\",\"name\":\"Cesta a \\u017eivot\",\"description\":\"Neziskov\\u00e1 organiz\\u00e1cia\",\"potentialAction\":[{\"@type\":\"SearchAction\",\"target\":{\"@type\":\"EntryPoint\",\"urlTemplate\":\"https:\/\/www.cestaazivot.sk\/?s={search_term_string}\"},\"query-input\":\"required name=search_term_string\"}],\"inLanguage\":\"sk-SK\"},{\"@type\":\"WebPage\",\"@id\":\"https:\/\/www.cestaazivot.sk\/?page_id=94#webpage\",\"url\":\"https:\/\/www.cestaazivot.sk\/?page_id=94\",\"name\":\"Projekty - Cesta a \\u017eivot\",\"isPartOf\":{\"@id\":\"https:\/\/www.cestaazivot.sk\/#website\"},\"datePublished\":\"2021-12-05T13:55:42+00:00\",\"dateModified\":\"2024-01-31T14:52:34+00:00\",\"breadcrumb\":{\"@id\":\"https:\/\/www.cestaazivot.sk\/?page_id=94#breadcrumb\"},\"inLanguage\":\"sk-SK\",\"potentialAction\":[{\"@type\":\"ReadAction\",\"target\":[\"https:\/\/www.cestaazivot.sk\/?page_id=94\"]}]},{\"@type\":\"BreadcrumbList\",\"@id\":\"https:\/\/www.cestaazivot.sk\/?page_id=94#breadcrumb\",\"itemListElement\":[{\"@type\":\"ListItem\",\"position\":1,\"name\":\"Home\",\"item\":\"https:\/\/www.cestaazivot.sk\/\"},{\"@type\":\"ListItem\",\"position\":2,\"name\":\"Projekty\"}]}]}<\/script>\n<!-- \/ Yoast SEO plugin. -->","yoast_head_json":{"title":"Projekty - Cesta a \u017eivot","robots":{"index":"index","follow":"follow","max-snippet":"max-snippet:-1","max-image-preview":"max-image-preview:large","max-video-preview":"max-video-preview:-1"},"canonical":"https:\/\/www.cestaazivot.sk\/?page_id=94","og_locale":"sk_SK","og_type":"article","og_title":"Projekty - Cesta a \u017eivot","og_description":"2023 &#8211; Na ceste s n\u00e1dejou v srdci 2022 &#8211; Cestou-necestou 2 2021 \u2013 Cestou \u2013 necestou 2020 \u2013 S n\u00e1dejou v srdci 2 2019 \u2013 S n\u00e1dejou v srdci 2018 \u2013 Nie si s\u00e1m 2017 \u2013 Kr\u00e1\u010dame \u010falej 2016 \u2013 Pomoc osamel\u00fdm 2015 \u2013 Pomoc osamel\u00fdm 2014 \u2013 Bl\u00e1zon od ved\u013ea \u2013 pr\u00edprava","og_url":"https:\/\/www.cestaazivot.sk\/?page_id=94","og_site_name":"Cesta a \u017eivot","article_modified_time":"2024-01-31T14:52:34+00:00","twitter_card":"summary_large_image","twitter_misc":{"Predpokladan\u00fd \u010das \u010d\u00edtania":"1 min\u00fata"},"schema":{"@context":"https:\/\/schema.org","@graph":[{"@type":"WebSite","@id":"https:\/\/www.cestaazivot.sk\/#website","url":"https:\/\/www.cestaazivot.sk\/","name":"Cesta a \u017eivot","description":"Neziskov\u00e1 organiz\u00e1cia","potentialAction":[{"@type":"SearchAction","target":{"@type":"EntryPoint","urlTemplate":"https:\/\/www.cestaazivot.sk\/?s={search_term_string}"},"query-input":"required name=search_term_string"}],"inLanguage":"sk-SK"},{"@type":"WebPage","@id":"https:\/\/www.cestaazivot.sk\/?page_id=94#webpage","url":"https:\/\/www.cestaazivot.sk\/?page_id=94","name":"Projekty - Cesta a \u017eivot","isPartOf":{"@id":"https:\/\/www.cestaazivot.sk\/#website"},"datePublished":"2021-12-05T13:55:42+00:00","dateModified":"2024-01-31T14:52:34+00:00","breadcrumb":{"@id":"https:\/\/www.cestaazivot.sk\/?page_id=94#breadcrumb"},"inLanguage":"sk-SK","potentialAction":[{"@type":"ReadAction","target":["https:\/\/www.cestaazivot.sk\/?page_id=94"]}]},{"@type":"BreadcrumbList","@id":"https:\/\/www.cestaazivot.sk\/?page_id=94#breadcrumb","itemListElement":[{"@type":"ListItem","position":1,"name":"Home","item":"https:\/\/www.cestaazivot.sk\/"},{"@type":"ListItem","position":2,"name":"Projekty"}]}]}},"_links":{"self":[{"href":"https:\/\/www.cestaazivot.sk\/index.php?rest_route=\/wp\/v2\/pages\/94"}],"collection":[{"href":"https:\/\/www.cestaazivot.sk\/index.php?rest_route=\/wp\/v2\/pages"}],"about":[{"href":"https:\/\/www.cestaazivot.sk\/index.php?rest_route=\/wp\/v2\/types\/page"}],"author":[{"embeddable":true,"href":"https:\/\/www.cestaazivot.sk\/index.php?rest_route=\/wp\/v2\/users\/1"}],"replies":[{"embeddable":true,"href":"https:\/\/www.cestaazivot.sk\/index.php?rest_route=%2Fwp%2Fv2%2Fcomments&post=94"}],"version-history":[{"count":5,"href":"https:\/\/www.cestaazivot.sk\/index.php?rest_route=\/wp\/v2\/pages\/94\/revisions"}],"predecessor-version":[{"id":660,"href":"https:\/\/www.cestaazivot.sk\/index.php?rest_route=\/wp\/v2\/pages\/94\/revisions\/660"}],"wp:attachment":[{"href":"https:\/\/www.cestaazivot.sk\/index.php?rest_route=%2Fwp%2Fv2%2Fmedia&parent=94"}],"curies":[{"name":"wp","href":"https:\/\/api.w.org\/{rel}","templated":true}]}}